 What is the highest common divisor of 108 and o?
27
Suppose -k = -v - 7, 0 = -2*v + 4 + 2. Let b(y) = -2*y - 8. Let n be b(-6). Suppose -n*r + 41 = 1. What is the greatest common divisor of r and k?
10
Suppose -5*y + 131 = -3*k, y - 48 = -y - k. What is the highest common factor of y and 25?
25
Let c(y) = -y**3 + 27*y**2 - 27*y + 42. Let v be c(26). Let d = -53 + 93. What is the greatest common factor of d and v?
8
Suppose 3*z + z = 664. Let f be (-14)/63 + z/18. What is the greatest common factor of 45 and f?
9
Let p be 1 + (3 - 1) - -53. Calculate the greatest common divisor of p and 14.
14
Suppose 5*f = -0*d - d + 154, -4*d + 566 = -5*f. Suppose 2*r + d = 3*r. What is the greatest common divisor of 16 and r?
16
Suppose -15 = -2*j - 3. Let m(q) = q - 3. Let k be m(j). Let s = 40 - 37. What is the highest common factor of s and k?
3
Let l be 3 + 2 - (8 - 9). Suppose 0 = 3*q + 4*v - 153 - 63, -9 = -3*v. Let s = q + -2. What is the highest common divisor of l and s?
6
Let a(u) = -u**3 - u**2 - 3. Let f be a(-3). What is the highest common factor of 6 and f?
3
Let a(v) = 2*v - 2. Let n be a(2). Let g be (5/2)/(1/n). What is the highest common factor of 55 and g?
5
Suppose -3*p + 4*p = 22. Suppose 2 = 2*y - 2. Let w be 2*121*2/y. What is the highest common factor of p and w?
22
Let y = -8 - -13. Suppose 2*g - 31 = -5*n, 4*g + y + 3 = 0. Calculate the greatest common divisor of 21 and n.
7
Suppose 3*o - x - 140 = 0, 0*o - o - x = -52. Let q be 7/(-1 + 50/o). What is the highest common divisor of 24 and q?
24
Let w = -8 + 16. What is the highest common factor of 88 and w?
8
Let r be 0 - (-1)/(2/180). Calculate the greatest common divisor of 30 and r.
30
Suppose -2*u = -6*u. Suppose -4*s - o + 16 = -u*o, 0 = 3*o + 12. What is the highest common factor of 35 and s?
5
Suppose 5*v - 14 = -2*v. Suppose -3*w = 2*z - 3, -z = -4*z + 5*w - 5. Suppose -4*a + z*a + 20 = 0. Calculate the highest common factor of a and v.
1
Let j be -5*(-1 - (-9)/15). Suppose -4*r - 25 = -4*l + 11, -j*l = -r - 13. Suppose l*v - 16 = 2*v. Calculate the highest common factor of v and 88.
8
Suppose 0 = 6*v - v - 335. Let t be (-6)/(7 + -4) + v. What is the greatest common factor of t and 13?
13
Let d = -57 - -60. Calculate the greatest common factor of d and 2.
1
Let p = -24 - -49. What is the highest common divisor of 5 and p?
5
Suppose 3*r + 3*x = 51, -5*r + 44 = -3*r + 4*x. What is the greatest common divisor of r and 96?
12
Suppose 0 = -0*f - 4*f + 60. Suppose -g + f = 2*g. Let a be g*(4 + -2 - 0). What is the greatest common factor of a and 40?
10
Suppose 5*y - 119 = 161. Let k = -7 + 14. Calculate the greatest common divisor of k and y.
7
Let z be 1300/182 + (-1)/7. What is the highest common divisor of 56 and z?
7
Let h = -6 - -8. Let l be (h - -3)/((-3)/(-30)). Suppose 10 + 0 = 4*m + 5*w, 0 = 3*m - 4*w - 23. What is the highest common factor of m and l?
5
Let p = -27 + 36. Let f(z) = z**2 - 7*z + 10. Let i be f(p). What is the greatest common factor of i and 70?
14
Suppose 429 = 14*v - 257. What is the greatest common factor of 245 and v?
49
Let s = -28 - -34. Let h = -37 - 46. Let c = h - -125. Calculate the highest common factor of s and c.
6
Let r = 73 + 127. What is the greatest common factor of 25 and r?
25
Let s = -109 - -52. Let h be 8/(-44) - s/11. Let v = h - -5. Calculate the highest common factor of v and 80.
10
Suppose 38 = 4*s - 82. Suppose -5*z = -1 - 49. Suppose -5*j + z*j = s. What is the greatest common factor of j and 6?
6
Suppose -5*f - 4*w = -579, -f + 114 = 3*w - 4. What is the greatest common divisor of f and 23?
23
Suppose -7*c + 2*c + 20 = 0. What is the greatest common divisor of c and 8?
4
Let s = -81 + 162. What is the greatest common divisor of s and 27?
27
Suppose 0 = -5*m + 2*v - v + 70, 5*v = -5*m + 70. Let y = 31 - m. What is the highest common divisor of y and 153?
17
Suppose 3*r - 96 = 2*p + p, -4*p - 118 = r. Let h be -14*(2 + p/4). Calculate the greatest common factor of 7 and h.
7
Let j(i) = -94*i**3 + 2*i**2 + 2*i + 1. Let b be j(-1). Let m be (-48)/(-216) + (-340)/(-9). Calculate the greatest common divisor of m and b.
19
Suppose 3*b = -5*l + 163, -3*b + l + 202 = b. What is the greatest common divisor of 68 and b?
17
Let p(i) = 8*i + 8. Let u be p(-7). Let l be (-9)/4*u/9. Calculate the highest common divisor of 2 and l.
2
Let x = -83 - -118. Calculate the greatest common factor of x and 315.
35
Let g be (10 + 1/1)*3. Calculate the greatest common factor of 22 and g.
11
Let o(k) = -2*k**3 + k**2 + k. Let a be o(2). Let v be (-144)/a + 2/(-5). Calculate the highest common divisor of 35 and v.
7
Let d = -13 - -17. Suppose -3*u = -5*a - u + 26, -3*a = d*u. What is the highest common divisor of a and 12?
4
Suppose -48 = 24*u - 28*u. What is the highest common divisor of u and 108?
12
Let m = 6 - -1. Suppose 187 = 6*q - 65. Calculate the greatest common divisor of m and q.
7
Suppose -4*t + t - 18 = 0. Let b(y) = y**3 + 6*y**2 - y + 5. Let j be b(t). Let c be (-22)/(-8)*-2*-2. Calculate the highest common divisor of c and j.
11
Suppose -5 + 15 = 2*l. Let j = -2 + l. Let y be (-1)/(50/17 - j). What is the highest common divisor of y and 136?
17
Let q = 15 + -15. Suppose 2*w - 5*w + 162 = q. Calculate the greatest common divisor of w and 18.
18
Let u(v) = v**3 - 8*v**2 - 3*v + 11. Let p be 2/(-8) - (-74)/8. Let m be u(p). Let j = 17 - 4. What is the highest common divisor of j and m?
13
Let b be 32/2*11/22. Let x be b/40 - (-28)/10. What is the highest common divisor of x and 33?
3
Let i = -32 - -89. Calculate the greatest common factor of i and 19.
19
Let w(d) = d**3 + d + 5. Let t be w(0). Let p = 4 - t. Let g = 13 - p. What is the highest common divisor of g and 42?
14
Let a = 25 + -6. What is the greatest common factor of 38 and a?
19
Let c = 11 - -10. Suppose -2*h + 5*h = c. What is the greatest common factor of h and 56?
7
Let o be 2*(-5)/(-2) + -1. Suppose 3*i + 2*r + 0*r + 7 = 0, o*i = 2*r + 14. Suppose q + i - 4 = 0. What is the greatest common factor of 3 and q?
3
Let w be 6/(-9) - (-11)/3. Suppose 30 = w*s + 2*a + a, 4*a = -s + 25. Let k be 0 + s + (8 - 5). What is the greatest common factor of k and 64?
8
Suppose 38 = 4*l + 2. What is the highest common divisor of 99 and l?
9
Let a be 1 - -38*(0 - -1). Calculate the highest common factor of a and 13.
13
Let t = -20 - -21. Calculate the highest common divisor of t and 5.
1
Let y = -87 + 213. Let h be y - (-3 + 2 + -1). Calculate the greatest common factor of h and 16.
16
Suppose 0*j - 122 = 5*j + 2*p, -j + p = 23. Suppose 2*l + 3*b - 116 = -32, -5*b = 2*l - 92. Let w = j + l. Calculate the greatest common factor of 8 and w.
4
Let z = -39 + 113. Suppose -u + z = -0*u. Let y be u/14 - 8/28. What is the highest common factor of y and 55?
5
Let z = -5 + 11. Calculate the greatest common factor of z and 30.
6
Suppose 0 = 8*t - 9*t + 33. What is the highest common factor of t and 22?
11
Let h(l) = 3*l + 133. Let g be h(0). What is the greatest common factor of 19 and g?
19
Suppose -4*i + 434 = -46. Let h be ((-10)/(-8))/(5/i). Calculate the greatest common divisor of h and 120.
30
Let n be 38/4*((-49)/7 - -11). What is the highest common divisor of 133 and n?
19
Let k = 191 + -95. What is the greatest common divisor of k and 12?
12
Let c(g) = -g + 0*g - 4*g + 4*g - 5. Let o be c(-7). Let z(x) = 2*x**3 + 2*x**2 - 4*x + 2. Let y be z(o). Calculate the highest common divisor of y and 27.
9
Let t = 3 + 1. Suppose -6 = -5*g + t*g. Calculate the highest common divisor of g and 12.
6
Let b(r) = -161*r**3 - r. Let d be b(-1). What is the greatest common divisor of 18 and d?
18
Let k = 414 + -227. What is the highest common factor of k and 17?
17
Let g(f) = -4*f - 16. Let z be g(-5). What is the greatest common factor of 12 and z?
4
Let m = -97 - -187. Let i(j) = 13*j**2. Let a be i(1). Let y = a + 23. Calculate the greatest common factor of y and m.
18
Let q be (-116)/(-16) - (-3)/4. Let y(k) = -q*k**2 + 2*k + 10*k**2 - 3*k. Let z be y(-3). What is the highest common divisor of z and 3?
3
Let t = -1 - -12. Suppose b - 484 = -3*b. Calculate the highest common divisor of b and t.
11
Let g be (207/(-9))/(44/(-14) + 3). What is the greatest common divisor of 23 and g?
23
Let i be 0 - (-10 + (